o = -10 - -47. What is the tens digit of o?
3
Let c = -7 - -9. Suppose -c*i - i = -54. Suppose -2*x = -0*x - i. What is the units digit of x?
9
Suppose 0 = -2*f - 0 + 8. Let p = 21 - f. What is the units digit of p?
7
Let g = 67 + -48. Suppose -2*l + l + g = -3*x, -l = 3*x + 11. What is the units digit of l?
4
Suppose -116 = -3*u - u. What is the tens digit of u?
2
Suppose -t = -1, 0 = -5*j - 0*j - 3*t + 253. What is the tens digit of j?
5
Let q(x) = x**3 - 6*x**2 + x. What is the units digit of q(6)?
6
Suppose 9 + 43 = 2*g. What is the units digit of g?
6
Let a(p) = 6*p + 42. What is the tens digit of a(7)?
8
Let a = 4 + -2. Suppose -a*x + 5 = 3*x. What is the units digit of 5*(-1)/(-2 + x)?
5
Let t = 32 - -45. What is the units digit of t?
7
Let a = 50 + -32. What is the tens digit of a + (3 - (2 - 0))?
1
Suppose 5*g + 12 = o, -6*g - 2*o - 18 = -2*g. Let w be (-22)/(-6) - (-2)/g. Let t(b) = b**2 - b + 4. What is the units digit of t(w)?
0
Suppose -3*q + 20 = 4*g, -q - 20 = -4*g - 0*q. Suppose -g*a + 12 = 5*x - 13, 0 = 2*x + 3*a - 13. What is the units digit of x?
2
Let z = 6 + -2. Suppose -64 = -2*s + v, s = 4*s - z*v - 96. What is the units digit of s?
2
Suppose -u - 4*h + 94 = 0, 3*h - 2*h - 3 = 0. What is the units digit of u?
2
Suppose g + 17 + 8 = 4*u, -5*u - 4*g = -47. Suppose -u = 3*a - 22. Suppose h + 2*h + a*n - 41 = 0, -n - 17 = -3*h. What is the units digit of h?
7
Suppose 2*t + 3*o = 5*t, 3 = t - 4*o. What is the units digit of (t - 0) + 6 + 5?
0
Suppose -3*v = 23 - 161. Let w = v + -11. What is the units digit of w?
5
Let v(l) = -l**3 + 2*l**2 + l + 2. Let r be v(2). Let m be (1/(-4))/(-1)*r. What is the units digit of (-5 - -6) + -1 + m?
1
Let g = -7 + 10. Suppose -g*f = -3*t + 4*t - 22, -f = t - 14. What is the units digit of t?
0
Suppose -5*j = -13 - 152. What is the tens digit of 1*(-3 + j - 2)?
2
Let t = -75 - 12. Let l = -34 - t. What is the tens digit of l?
5
Suppose -g + 1 = j, g - 4*j + 1 - 2 = 0. What is the units digit of (g - 2) + 2/1?
1
Suppose -3*v = -2*v - 1, 5*w - 43 = 2*v. Let t be 0*(w/(-6))/3. Let p = t - -9. What is the units digit of p?
9
Suppose -4*s - 3 = -3*s. Let k be (-6 + 2)/(-2) - s. Suppose 3*i - k = 2*i. What is the units digit of i?
5
Let z = 13 + -9. What is the units digit of -5*4*z/(-5)?
6
Suppose 2*z - n = 547, -z + 106 = n - 175. What is the hundreds digit of z?
2
Suppose 0 = 3*n - 6*n + 60. Let z = n + -6. What is the tens digit of z?
1
Suppose 0 = -2*f + 21 + 9. Let q = 30 - f. What is the units digit of q?
5
Let k(x) = x**2 - 3*x - 4. What is the units digit of k(-5)?
6
Let j = 538 - 301. What is the hundreds digit of j?
2
Let m = -183 + 279. What is the units digit of m?
6
Let m be 1/6 + 1/(-6). Let o(u) = u**2 + u + 12. What is the units digit of o(m)?
2
Let p(y) = -y**3 - 3*y**2 + 2*y - 1. Let h be p(-4). Let v(g) = -g**3 + 7*g**2 + 3*g - 10. What is the tens digit of v(h)?
1
Suppose -3*w = 10 + 5. Let j = 24 + w. What is the units digit of j?
9
Suppose -2*r = -93 - 443. What is the tens digit of r?
6
Suppose 3*u = 3*w - u + 4, 3*w + 4*u - 4 = 0. Suppose 2*i + i - 18 = w. What is the units digit of i?
6
Let q = -16 + 38. What is the tens digit of q?
2
Suppose 5*a + 5*r + 0*r - 40 = 0, 4*a - 24 = -2*r. Suppose -v + o = -0*o, 0 = v - a*o + 9. What is the units digit of v?
3
Suppose i + w - 9 = 0, 3*i - 4*w - 2 = -10. Suppose 4*a + i*v - 164 = 0, -a - 4*v + 119 = 2*a. Suppose 2*d = -3*d + a. What is the units digit of d?
9
Suppose 0 = -2*v - 0*v + 52. What is the tens digit of v?
2
Let j be ((-5)/10)/(1/(-112)). What is the units digit of j/35*(-10)/(-4)?
4
Let w(m) = -m - 2. Let h be w(-7). Suppose -5 - 46 = -4*q + 5*s, -3*q + h*s = -32. What is the tens digit of q?
1
Let p(k) = -5*k + 3. Let d be p(7). Let n = 59 + d. What is the tens digit of n?
2
Let r = 14 + -7. Suppose -5*l + 20 = 0, 2*a - 4*l - 5 - r = 0. What is the units digit of a?
4
Suppose -2*x + 4*n + 14 + 6 = 0, 3*x + 3*n - 57 = 0. What is the units digit of x?
6
Let h be 11*((-2 - -3) + 0). Suppose h*q - 10*q = 19. What is the tens digit of q?
1
Let p(r) = 39*r**3 - r + 1. Let v be p(1). Suppose v = w + 2*w. What is the tens digit of w?
1
Let l(v) = 2*v**3 - 13. Let n(a) = -a**3 + 6. Let s be 7/((-2*1)/2). Let b(g) = s*n(g) - 4*l(g). What is the units digit of b(0)?
0
Let f be ((-8)/20)/(1/(-5)). Let a be ((-8)/5)/(f/(-5)). Suppose a*y = 5*o - 4 - 9, -5*o - 3*y + 34 = 0. What is the units digit of o?
5
Suppose f - 72 = -2*f. What is the tens digit of f?
2
Let f be 5/((-3)/9*-3). Let z = 0 + f. Suppose -3*i + 48 = i - 5*h, -z*i + 5*h = -65. What is the units digit of i?
7
Suppose 0*i + i + 3 = 0. Let s be ((-48)/4)/((-2)/i). What is the units digit of (-104)/s - 2/(-9)?
6
Suppose 5*y = -3*m - 15, 3*y + m - 2 = -7. Suppose 3*w - 32 - 1 = y. What is the units digit of w?
1
Suppose 0 = -4*v - 180 + 720. What is the tens digit of v?
3
Let g(b) = -9*b**3 + 2*b**2 - 1. Suppose 5*t = -10, -4*y + 5 = 4*t + 17. What is the tens digit of g(y)?
1
Suppose -4*b - b + 5 = 0. Let y be (20 - -1 - b)*1. Suppose 3*n - y = -2. What is the units digit of n?
6
Suppose -s - 25 = -6*s. Suppose d + 5*v - 12 = 18, 0 = -4*d + 3*v + s. Suppose -2*c = -3*c + d*f - 9, c = 2*f. What is the units digit of c?
6
Let t(x) = -x**2 - 10*x - 2. What is the tens digit of t(-6)?
2
Suppose 0 = 2*t - p + 16, 0*t - t - 8 = 3*p. Let a = t - -5. Let m = a + 4. What is the units digit of m?
1
Suppose -610 = -5*p + g, 5*p + g = 4*g + 600. What is the tens digit of p?
2
Suppose 3*p - 19 = u, -2*u = -5*p + 34 - 2. Suppose -240 = -p*w + w. What is the tens digit of w?
4
Suppose 0 = -5*c - 46 + 206. Let u = 3 + -1. Suppose -2*o - u*o = -c. What is the units digit of o?
8
Let g(x) = 21*x**2 - 4*x - 7. What is the tens digit of g(-2)?
8
Suppose -i - 4*i + 9 = -2*r, 0 = 2*r - 4*i + 10. Let o = r + 13. What is the units digit of o?
6
What is the hundreds digit of (41 + -4)*3/2*2?
1
Suppose -k = -2*k + 4. Let m(j) = j**2 - 16*j + 33. Let h be m(14). Let f = h - k. What is the units digit of f?
1
Suppose 5*g = -5 - 5, 3*d + 10 = -5*g. Let y = d - -3. What is the units digit of y?
3
Suppose -w + 90 = -36. What is the units digit of w?
6
What is the tens digit of (-220)/8*(-3 + (2 - 1))?
5
Let h(n) = -n - 12. Let p be h(-10). Suppose 5*v = 5*z + 15, 0 = -3*z - v - 1 + 12. Let l = z - p. What is the units digit of l?
4
Suppose 4 = -f + 9, n - f + 3 = 0. What is the units digit of n?
2
Let f be 60/5*(1 - -1). Suppose 0*x = -x + f. Suppose 3*o = 3*q - x, -4*o = 5*q + o. What is the units digit of q?
4
Let d = 19 + -13. What is the units digit of (-2)/d - 14/(-6)?
2
What is the tens digit of (96/28)/(-1*(-1)/7)?
2
Let m = 54 + -36. Let g = 41 - m. Let p = -15 + g. What is the units digit of p?
8
Let h(v) be the first derivative of 5*v**3/3 - v + 1. Suppose -2*m - y - 3 = -m, -3*m - 5 = 2*y. What is the units digit of h(m)?
4
What is the tens digit of (60/40)/((2*1)/36)?
2
Let m be -1 - (0 + (-2)/2). Suppose m = -4*p - 8 + 48. What is the tens digit of p?
1
Let k(n) = -n + 4. Let s be k(2). Suppose -s*a - 2*d - 2 = -14, 4*a - 9 = d. What is the units digit of a?
3
Suppose 0 = -32*c + 27*c + 600. What is the units digit of c?
0
Suppose 14 = j - 5. Suppose 0 = 5*y - h - 28 - 12, -j = -2*y + h. What is the units digit of y?
7
Let h(v) = v**2 + 2*v - 5. Let m be h(-4). Let b(z) = z**2 + 6*z - 9. Let p be b(-7). Let j = p + m. What is the units digit of j?
1
Let l = 136 - 52. Let x be l/(-35) - 4/(-10). Let h = 5 + x. What is the units digit of h?
3
Let x = -29 + 72. What is the units digit of x?
3
Let c(r) be the third derivative of r**5/60 - r**4/8 - r**3/6 + 2*r**2. What is the units digit of c(8)?
9
Let v = -6 - -4. Let d = 3 + v. What is the units digit of (d - 6/9)*15?
5
Suppose -3*a - 3*d - 23 = -2, 3*a + 36 = 2*d. Let s = a - -29. What is the units digit of s?
9
Let a = 103 - -40. What is the tens digit of a?
4
Let f(q) = q**3 - 2*q**2 - 2*q - 1. Let r be f(3). Let n = 7 - r. Suppose -n*g + 4 + 11 = 0. What is the units digit of g?
3
Let r(n) = 3*n. Let y be r(2). What is the units digit of (-20)/(-3) + 2/y?
7
Let w = 14 + -7. Let c(t) = t**2 + 7*t - 7. Let r be c(-9). Let b = r - w. What is the units digit of b?
4
Let s = -163 + 251. Suppose s + 4 = 4*f. What is the units digit o